{"id":1422,"date":"2025-01-07T05:45:26","date_gmt":"2025-01-07T05:45:26","guid":{"rendered":"https:\/\/procomexpachuca.com\/?page_id=1422"},"modified":"2025-05-06T15:34:28","modified_gmt":"2025-05-06T15:34:28","slug":"blog-flora-2","status":"publish","type":"page","link":"https:\/\/procomexpachuca.com\/?page_id=1422","title":{"rendered":"BLOG FLORA"},"content":{"rendered":"\t\t<div data-elementor-type=\"wp-page\" data-elementor-id=\"1422\" class=\"elementor elementor-1422\" data-elementor-post-type=\"page\">\n\t\t\t\t<div class=\"elementor-element elementor-element-0c81f87 e-flex e-con-boxed e-con e-parent\" data-id=\"0c81f87\" data-element_type=\"container\" data-e-type=\"container\" data-settings=\"{&quot;background_background&quot;:&quot;classic&quot;}\">\n\t\t\t\t\t<div class=\"e-con-inner\">\n\t\t\t\t<div class=\"elementor-element elementor-element-367e87b elementor-widget elementor-widget-text-editor\" data-id=\"367e87b\" data-element_type=\"widget\" data-e-type=\"widget\" data-widget_type=\"text-editor.default\">\n\t\t\t\t<div class=\"elementor-widget-container\">\n\t\t\t\t\t\t\t\t\t<p>Flora<\/p>\t\t\t\t\t\t\t\t<\/div>\n\t\t\t\t<\/div>\n\t\t\t\t\t<\/div>\n\t\t\t\t<\/div>\n\t\t<div class=\"elementor-element elementor-element-b4d48db e-flex e-con-boxed e-con e-parent\" data-id=\"b4d48db\" data-element_type=\"container\" data-e-type=\"container\">\n\t\t\t\t\t<div class=\"e-con-inner\">\n\t\t\t\t<div class=\"elementor-element elementor-element-9ad443b elementor-widget elementor-widget-image\" data-id=\"9ad443b\" data-element_type=\"widget\" data-e-type=\"widget\" data-widget_type=\"image.default\">\n\t\t\t\t<div class=\"elementor-widget-container\">\n\t\t\t\t\t\t\t\t\t\t\t\t\t\t\t<img fetchpriority=\"high\" decoding=\"async\" width=\"769\" height=\"461\" src=\"https:\/\/procomexpachuca.com\/wp-content\/uploads\/2024\/12\/t21flora_finter2-1.webp\" class=\"attachment-large size-large wp-image-1028\" alt=\"\" srcset=\"https:\/\/procomexpachuca.com\/wp-content\/uploads\/2024\/12\/t21flora_finter2-1.webp 769w, https:\/\/procomexpachuca.com\/wp-content\/uploads\/2024\/12\/t21flora_finter2-1-300x180.webp 300w, https:\/\/procomexpachuca.com\/wp-content\/uploads\/2024\/12\/t21flora_finter2-1-125x75.webp 125w, https:\/\/procomexpachuca.com\/wp-content\/uploads\/2024\/12\/t21flora_finter2-1-480x288.webp 480w\" sizes=\"(max-width:767px) 480px, (max-width:769px) 100vw, 769px\" \/>\t\t\t\t\t\t\t\t\t\t\t\t\t\t\t<\/div>\n\t\t\t\t<\/div>\n\t\t\t\t\t<\/div>\n\t\t\t\t<\/div>\n\t\t<div class=\"elementor-element elementor-element-e55aad3 e-flex e-con-boxed e-con e-parent\" data-id=\"e55aad3\" data-element_type=\"container\" data-e-type=\"container\">\n\t\t\t\t\t<div class=\"e-con-inner\">\n\t\t\t\t<div class=\"elementor-element elementor-element-9612f8e elementor-widget elementor-widget-text-editor\" data-id=\"9612f8e\" data-element_type=\"widget\" data-e-type=\"widget\" data-widget_type=\"text-editor.default\">\n\t\t\t\t<div class=\"elementor-widget-container\">\n\t\t\t\t\t\t\t\t\t<p>Flora aprovecha la naturaleza para calmarnos suavemente y elevar nuestro estado de \u00e1nimo.<\/p>\t\t\t\t\t\t\t\t<\/div>\n\t\t\t\t<\/div>\n\t\t\t\t\t<\/div>\n\t\t\t\t<\/div>\n\t\t<div class=\"elementor-element elementor-element-b4adb74 e-flex e-con-boxed e-con e-parent\" data-id=\"b4adb74\" data-element_type=\"container\" data-e-type=\"container\">\n\t\t\t\t\t<div class=\"e-con-inner\">\n\t\t\t\t<div class=\"elementor-element elementor-element-3f02825 elementor-widget elementor-widget-text-editor\" data-id=\"3f02825\" data-element_type=\"widget\" data-e-type=\"widget\" data-widget_type=\"text-editor.default\">\n\t\t\t\t<div class=\"elementor-widget-container\">\n\t\t\t\t\t\t\t\t\t<p>Basada en el futuro de la salud colectiva en el planeta, Flora investiga las oportunidades que presentan las biotecnolog\u00edas y la telemedicina. Intuitivas y receptivas, estas ciencias son un despertar que transforma la manera en que nos preocupamos y protegemos tanto f\u00edsica como emocionalmente. Aprovechando las propiedades naturales de las hierbas, los microbios y de nuestro propio ADN, en el dise\u00f1o podemos crear experiencias de curaci\u00f3n a la medida. La fuerza proviene del estar conscientes de nuestra salud mental y de asumir la responsabilidad de nuestro propio bienestar.<\/p><p>Flora equilibra la salud de nuestro medio ambiente con nuestro bienestar personal, a trav\u00e9s de materiales biofabricados que tienen prop\u00f3sito. Los textiles tienen acabados bacterianos fotosintetizados, oxigenando espacios que crean atm\u00f3sferas curativas y que fortalecen nuestras mentes despertando en nosotros una conciencia ancestral. Los pl\u00e1sticos biodegradables son suaves al tacto y semi-opacos, que reflejan luz con fines terap\u00e9uticos.<\/p><p>Aromas de alto rendimiento se acent\u00faan en las uperficies suavemente curvadas interactuando libremente con el humano. Los efectos bio-iridiscentes y aperlados difunden la luz produciendo un delicado espectro reflector. La armoniosa energ\u00eda del \u00f3nix de Puebla y de los cristales personalizados penetran en los espacios, restaurando un sentido de confianza y paz interior.<\/p><p>Effex M\u00e1rmol Piamonte imita la est\u00e9tica relajante y fluida, que encontramos en el m\u00e1rmol pulido brillante. Con\u00f3celo aqu\u00ed &gt;<\/p><p>Effex Metal Platino agrega reflejos sutiles y brillantes, que tienen una apariencia hidrodin\u00e1mica como hoja de plata texturizada. Con\u00f3celo aqu\u00ed &gt;<\/p><p>Los colores que componen la paleta de Flora son:<\/p><p><strong>Hostia 005-01<\/strong><br \/><strong>Kapok 281-02<\/strong><br \/><strong>Creme Brulee 269-02<\/strong><br \/><strong>Antica A4-08<\/strong><br \/><strong>Velociraptor 244-03<\/strong><br \/><strong>Vainilla 033-04<\/strong><br \/><strong>Aclaraci\u00f3n 062-02<\/strong><br \/><strong>Vanguardia 085-02<\/strong><br \/><strong>Nieve de Zarzamora 119-06<\/strong><\/p><p>Flora nutre a nuestro ser interior promoviendo la salud y el bienestar a trav\u00e9s de micro dosis de combinaciones de colores curativos que refuerzan nuestro poder de tomar decisiones.<\/p><p>Las suaves micro dosis de colores florales y herbales crean espacios con propiedades que mejoran el rendimiento. El color responde al medio ambiente con el aumento de la positividad a trav\u00e9s de la proporci\u00f3n y el posicionamiento de tonos frescos humanizados que mejoran la interacci\u00f3n educativa y la cooperaci\u00f3n entre el personal y los estudiantes.<\/p><p>Los conocimientos de la psicolog\u00eda del color aplicados a la paleta de Flora brindan una esencial armon\u00eda y equilibrio a los interiores en espacios de recibimiento y alojamiento fomentando la tranquilidad y el descanso. El aroma se complementa con estos colores generando una renovadora experiencia hol\u00edsitca.<\/p><p>El color ayuda a la transformaci\u00f3n, ya sea f\u00edsica o emocional, dentro de los espacios de transici\u00f3n, activando y manteniendo sentimientos de salud y bienestar. Los tonos medios monocrom\u00e1ticos crean experiencias de introspecci\u00f3n, potenciadas por la energ\u00eda proveniente de la iluminaci\u00f3n terap\u00e9utica.<\/p><p>Fomentando la intuici\u00f3n al recorrer espacios sombr\u00edos, nuevos colores bot\u00e1nicos bloquean la continuidad e irradian fuerza desde superficies suavemente reflectantes. Las combinaciones altamente contrastadas y aplicaciones intrigantes experimentan con la percepci\u00f3n espacial, retomando el enfoque en las curvas y en las intersecciones lineales para crear entornos interactivos m\u00e1s atractivos.<\/p><p>Flora es armoniosa, biotecnol\u00f3gica, curativa y transformadora.<\/p>\t\t\t\t\t\t\t\t<\/div>\n\t\t\t\t<\/div>\n\t\t\t\t\t<\/div>\n\t\t\t\t<\/div>\n\t\t<div class=\"elementor-element elementor-element-3184de6 e-flex e-con-boxed e-con e-parent\" data-id=\"3184de6\" data-element_type=\"container\" data-e-type=\"container\">\n\t\t\t\t\t<div class=\"e-con-inner\">\n\t\t<div class=\"elementor-element elementor-element-c86e097 e-con-full e-flex e-con e-child\" data-id=\"c86e097\" data-element_type=\"container\" data-e-type=\"container\">\n\t\t\t\t<div class=\"elementor-element elementor-element-b021aa1 elementor-widget elementor-widget-image\" data-id=\"b021aa1\" data-element_type=\"widget\" data-e-type=\"widget\" data-widget_type=\"image.default\">\n\t\t\t\t<div class=\"elementor-widget-container\">\n\t\t\t\t\t\t\t\t\t\t\t\t\t\t\t<img decoding=\"async\" width=\"769\" height=\"461\" src=\"https:\/\/procomexpachuca.com\/wp-content\/uploads\/2024\/12\/t21flora_finter2-1.jpg\" class=\"attachment-large size-large wp-image-1060\" alt=\"\" srcset=\"https:\/\/procomexpachuca.com\/wp-content\/uploads\/2024\/12\/t21flora_finter2-1.jpg 769w, https:\/\/procomexpachuca.com\/wp-content\/uploads\/2024\/12\/t21flora_finter2-1-300x180.jpg 300w, https:\/\/procomexpachuca.com\/wp-content\/uploads\/2024\/12\/t21flora_finter2-1-125x75.jpg 125w, https:\/\/procomexpachuca.com\/wp-content\/uploads\/2024\/12\/t21flora_finter2-1-480x288.jpg 480w\" sizes=\"(max-width:767px) 480px, (max-width:769px) 100vw, 769px\" \/>\t\t\t\t\t\t\t\t\t\t\t\t\t\t\t<\/div>\n\t\t\t\t<\/div>\n\t\t\t\t<\/div>\n\t\t<div class=\"elementor-element elementor-element-6dc6f12 e-con-full e-flex e-con e-child\" data-id=\"6dc6f12\" data-element_type=\"container\" data-e-type=\"container\">\n\t\t\t\t<div class=\"elementor-element elementor-element-2b0659f elementor-widget elementor-widget-image\" data-id=\"2b0659f\" data-element_type=\"widget\" data-e-type=\"widget\" data-widget_type=\"image.default\">\n\t\t\t\t<div class=\"elementor-widget-container\">\n\t\t\t\t\t\t\t\t\t\t\t\t\t\t\t<img decoding=\"async\" width=\"769\" height=\"461\" src=\"https:\/\/procomexpachuca.com\/wp-content\/uploads\/2024\/12\/t21flora_finter1-1.jpg\" class=\"attachment-large size-large wp-image-1059\" alt=\"\" srcset=\"https:\/\/procomexpachuca.com\/wp-content\/uploads\/2024\/12\/t21flora_finter1-1.jpg 769w, https:\/\/procomexpachuca.com\/wp-content\/uploads\/2024\/12\/t21flora_finter1-1-300x180.jpg 300w, https:\/\/procomexpachuca.com\/wp-content\/uploads\/2024\/12\/t21flora_finter1-1-125x75.jpg 125w, https:\/\/procomexpachuca.com\/wp-content\/uploads\/2024\/12\/t21flora_finter1-1-480x288.jpg 480w\" sizes=\"(max-width:767px) 480px, (max-width:769px) 100vw, 769px\" \/>\t\t\t\t\t\t\t\t\t\t\t\t\t\t\t<\/div>\n\t\t\t\t<\/div>\n\t\t\t\t<\/div>\n\t\t\t\t\t<\/div>\n\t\t\t\t<\/div>\n\t\t<div class=\"elementor-element elementor-element-bd70f0b e-con-full e-flex e-con e-parent\" data-id=\"bd70f0b\" data-element_type=\"container\" data-e-type=\"container\" data-settings=\"{&quot;background_background&quot;:&quot;classic&quot;}\">\n\t\t\t\t<\/div>\n\t\t\t\t<\/div>\n\t\t","protected":false},"excerpt":{"rendered":"<p>Flora Flora aprovecha la naturaleza para calmarnos suavemente y elevar nuestro estado de \u00e1nimo. Basada en el futuro de la salud colectiva en el planeta, Flora<span class=\"excerpt-hellip\"> [\u2026]<\/span><\/p>\n","protected":false},"author":1,"featured_media":0,"parent":0,"menu_order":0,"comment_status":"closed","ping_status":"closed","template":"","meta":{"_monsterinsights_skip_tracking":false,"_monsterinsights_sitenote_active":false,"_monsterinsights_sitenote_note":"","_monsterinsights_sitenote_category":0,"footnotes":""},"class_list":["post-1422","page","type-page","status-publish","hentry"],"_links":{"self":[{"href":"https:\/\/procomexpachuca.com\/index.php?rest_route=\/wp\/v2\/pages\/1422","targetHints":{"allow":["GET"]}}],"collection":[{"href":"https:\/\/procomexpachuca.com\/index.php?rest_route=\/wp\/v2\/pages"}],"about":[{"href":"https:\/\/procomexpachuca.com\/index.php?rest_route=\/wp\/v2\/types\/page"}],"author":[{"embeddable":true,"href":"https:\/\/procomexpachuca.com\/index.php?rest_route=\/wp\/v2\/users\/1"}],"replies":[{"embeddable":true,"href":"https:\/\/procomexpachuca.com\/index.php?rest_route=%2Fwp%2Fv2%2Fcomments&post=1422"}],"version-history":[{"count":52,"href":"https:\/\/procomexpachuca.com\/index.php?rest_route=\/wp\/v2\/pages\/1422\/revisions"}],"predecessor-version":[{"id":1997,"href":"https:\/\/procomexpachuca.com\/index.php?rest_route=\/wp\/v2\/pages\/1422\/revisions\/1997"}],"wp:attachment":[{"href":"https:\/\/procomexpachuca.com\/index.php?rest_route=%2Fwp%2Fv2%2Fmedia&parent=1422"}],"curies":[{"name":"wp","href":"https:\/\/api.w.org\/{rel}","templated":true}]}}