{"id":1196,"date":"2024-12-30T04:43:08","date_gmt":"2024-12-30T04:43:08","guid":{"rendered":"https:\/\/procomexpachuca.com\/?page_id=1196"},"modified":"2025-04-30T23:03:01","modified_gmt":"2025-04-30T23:03:01","slug":"blog-dia-del-pintor","status":"publish","type":"page","link":"https:\/\/procomexpachuca.com\/?page_id=1196","title":{"rendered":"BLOG DIA DEL PINTOR"},"content":{"rendered":"\t\t<div data-elementor-type=\"wp-page\" data-elementor-id=\"1196\" class=\"elementor elementor-1196\" data-elementor-post-type=\"page\">\n\t\t\t\t<div class=\"elementor-element elementor-element-c3bc342 e-flex e-con-boxed e-con e-parent\" data-id=\"c3bc342\" data-element_type=\"container\" data-e-type=\"container\" data-settings=\"{&quot;background_background&quot;:&quot;classic&quot;}\">\n\t\t\t\t\t<div class=\"e-con-inner\">\n\t\t\t\t<div class=\"elementor-element elementor-element-8b7b7f8 elementor-widget elementor-widget-text-editor\" data-id=\"8b7b7f8\" data-element_type=\"widget\" data-e-type=\"widget\" data-widget_type=\"text-editor.default\">\n\t\t\t\t<div class=\"elementor-widget-container\">\n\t\t\t\t\t\t\t\t\t<h1 class=\"entry-title\">D\u00eda del Pintor<\/h1>\t\t\t\t\t\t\t\t<\/div>\n\t\t\t\t<\/div>\n\t\t\t\t\t<\/div>\n\t\t\t\t<\/div>\n\t\t<div class=\"elementor-element elementor-element-7643b1c e-flex e-con-boxed e-con e-parent\" data-id=\"7643b1c\" data-element_type=\"container\" data-e-type=\"container\">\n\t\t\t\t\t<div class=\"e-con-inner\">\n\t\t\t\t<div class=\"elementor-element elementor-element-8223a5d elementor-widget elementor-widget-image\" data-id=\"8223a5d\" data-element_type=\"widget\" data-e-type=\"widget\" data-widget_type=\"image.default\">\n\t\t\t\t<div class=\"elementor-widget-container\">\n\t\t\t\t\t\t\t\t\t\t\t\t\t\t\t<img fetchpriority=\"high\" decoding=\"async\" width=\"768\" height=\"1001\" src=\"https:\/\/procomexpachuca.com\/wp-content\/uploads\/2024\/12\/etiqueta-despensa-scaled-1-768x1001.webp\" class=\"attachment-medium_large size-medium_large wp-image-1026\" alt=\"\" srcset=\"https:\/\/procomexpachuca.com\/wp-content\/uploads\/2024\/12\/etiqueta-despensa-scaled-1-768x1001.webp 768w, https:\/\/procomexpachuca.com\/wp-content\/uploads\/2024\/12\/etiqueta-despensa-scaled-1-230x300.webp 230w, https:\/\/procomexpachuca.com\/wp-content\/uploads\/2024\/12\/etiqueta-despensa-scaled-1-786x1024.webp 786w, https:\/\/procomexpachuca.com\/wp-content\/uploads\/2024\/12\/etiqueta-despensa-scaled-1-1179x1536.webp 1179w, https:\/\/procomexpachuca.com\/wp-content\/uploads\/2024\/12\/etiqueta-despensa-scaled-1-1572x2048.webp 1572w, https:\/\/procomexpachuca.com\/wp-content\/uploads\/2024\/12\/etiqueta-despensa-scaled-1-58x75.webp 58w, https:\/\/procomexpachuca.com\/wp-content\/uploads\/2024\/12\/etiqueta-despensa-scaled-1-480x625.webp 480w, https:\/\/procomexpachuca.com\/wp-content\/uploads\/2024\/12\/etiqueta-despensa-scaled-1.webp 1965w\" sizes=\"(max-width:767px) 480px, (max-width:768px) 100vw, 768px\" \/>\t\t\t\t\t\t\t\t\t\t\t\t\t\t\t<\/div>\n\t\t\t\t<\/div>\n\t\t\t\t\t<\/div>\n\t\t\t\t<\/div>\n\t\t<div class=\"elementor-element elementor-element-bfac3a8 e-flex e-con-boxed e-con e-parent\" data-id=\"bfac3a8\" data-element_type=\"container\" data-e-type=\"container\">\n\t\t\t\t\t<div class=\"e-con-inner\">\n\t\t\t\t<div class=\"elementor-element elementor-element-320ca8c elementor-widget elementor-widget-text-editor\" data-id=\"320ca8c\" data-element_type=\"widget\" data-e-type=\"widget\" data-widget_type=\"text-editor.default\">\n\t\t\t\t<div class=\"elementor-widget-container\">\n\t\t\t\t\t\t\t\t\t<p>Debido a la contingencia sanitaria que enfrentamos actualmente. En Comex no pudimos festejar a los pintores en su d\u00eda como se hace tradicionalmente en cambio se organiz\u00f3 un incre\u00edble concierto en una transmisi\u00f3n en vivo con la presentaci\u00f3n de la Banda Peque\u00f1os Musical para que disfrutar\u00e1n de un rato de buena m\u00fasica <span style=\"color: #0000ff;\"><strong>#Qu\u00e9date en casa.<\/strong><\/span><\/p><p>Adicional con el fin de agradecer la incondicional preferencia de sus pintores y con un sentido de responsabilidad social y atendiendo a la preocupaci\u00f3n de los pintores por la situaci\u00f3n econ\u00f3mica, Pinturas del 57 distribuyo despensas en poblaciones como Cuautla, Jojutla, Zacatepec, y Tepic, entre algunas otras<\/p><p>Para Pinturas del 57, es importante el bienestar de sus Pintores<\/p><p>\u201cSiempre hemos estado en tus manos y queremos seguir en tu coraz\u00f3n\u201d<\/p><p>Comex agradece el esforz\u00f3 y el compromiso de sus pintores a\u00f1o con a\u00f1o.<\/p><p>\u201cComex est\u00e1 contigo \u00a1Jalemos juntos!\u201d<\/p>\t\t\t\t\t\t\t\t<\/div>\n\t\t\t\t<\/div>\n\t\t\t\t\t<\/div>\n\t\t\t\t<\/div>\n\t\t<div class=\"elementor-element elementor-element-019b39d e-grid e-con-boxed e-con e-parent\" data-id=\"019b39d\" data-element_type=\"container\" data-e-type=\"container\">\n\t\t\t\t\t<div class=\"e-con-inner\">\n\t\t\t\t<div class=\"elementor-element elementor-element-c368651 elementor-widget elementor-widget-image\" data-id=\"c368651\" data-element_type=\"widget\" data-e-type=\"widget\" data-widget_type=\"image.default\">\n\t\t\t\t<div class=\"elementor-widget-container\">\n\t\t\t\t\t\t\t\t\t\t\t\t\t\t\t<img decoding=\"async\" width=\"512\" height=\"1024\" src=\"https:\/\/procomexpachuca.com\/wp-content\/uploads\/2024\/12\/WhatsApp-Image-2020-05-30-at-1.43.28-PM-1-512x1024.webp\" class=\"attachment-large size-large wp-image-1047\" alt=\"\" srcset=\"https:\/\/procomexpachuca.com\/wp-content\/uploads\/2024\/12\/WhatsApp-Image-2020-05-30-at-1.43.28-PM-1-512x1024.webp 512w, https:\/\/procomexpachuca.com\/wp-content\/uploads\/2024\/12\/WhatsApp-Image-2020-05-30-at-1.43.28-PM-1-150x300.webp 150w, https:\/\/procomexpachuca.com\/wp-content\/uploads\/2024\/12\/WhatsApp-Image-2020-05-30-at-1.43.28-PM-1-38x75.webp 38w, https:\/\/procomexpachuca.com\/wp-content\/uploads\/2024\/12\/WhatsApp-Image-2020-05-30-at-1.43.28-PM-1-480x960.webp 480w, https:\/\/procomexpachuca.com\/wp-content\/uploads\/2024\/12\/WhatsApp-Image-2020-05-30-at-1.43.28-PM-1.webp 520w\" sizes=\"(max-width:767px) 480px, 512px\" \/>\t\t\t\t\t\t\t\t\t\t\t\t\t\t\t<\/div>\n\t\t\t\t<\/div>\n\t\t\t\t<div class=\"elementor-element elementor-element-7b64cb6 elementor-widget elementor-widget-image\" data-id=\"7b64cb6\" data-element_type=\"widget\" data-e-type=\"widget\" data-widget_type=\"image.default\">\n\t\t\t\t<div class=\"elementor-widget-container\">\n\t\t\t\t\t\t\t\t\t\t\t\t\t\t\t<img decoding=\"async\" width=\"512\" height=\"1024\" src=\"https:\/\/procomexpachuca.com\/wp-content\/uploads\/2024\/12\/WhatsApp-Image-2020-05-30-at-1.43.27-PM-512x1024.webp\" class=\"attachment-large size-large wp-image-1039\" alt=\"\" srcset=\"https:\/\/procomexpachuca.com\/wp-content\/uploads\/2024\/12\/WhatsApp-Image-2020-05-30-at-1.43.27-PM-512x1024.webp 512w, https:\/\/procomexpachuca.com\/wp-content\/uploads\/2024\/12\/WhatsApp-Image-2020-05-30-at-1.43.27-PM-150x300.webp 150w, https:\/\/procomexpachuca.com\/wp-content\/uploads\/2024\/12\/WhatsApp-Image-2020-05-30-at-1.43.27-PM-38x75.webp 38w, https:\/\/procomexpachuca.com\/wp-content\/uploads\/2024\/12\/WhatsApp-Image-2020-05-30-at-1.43.27-PM-480x960.webp 480w, https:\/\/procomexpachuca.com\/wp-content\/uploads\/2024\/12\/WhatsApp-Image-2020-05-30-at-1.43.27-PM.webp 520w\" sizes=\"(max-width:767px) 480px, 512px\" \/>\t\t\t\t\t\t\t\t\t\t\t\t\t\t\t<\/div>\n\t\t\t\t<\/div>\n\t\t\t\t<div class=\"elementor-element elementor-element-d151099 elementor-widget elementor-widget-image\" data-id=\"d151099\" data-element_type=\"widget\" data-e-type=\"widget\" data-widget_type=\"image.default\">\n\t\t\t\t<div class=\"elementor-widget-container\">\n\t\t\t\t\t\t\t\t\t\t\t\t\t\t\t<img loading=\"lazy\" decoding=\"async\" width=\"512\" height=\"1024\" src=\"https:\/\/procomexpachuca.com\/wp-content\/uploads\/2024\/12\/WhatsApp-Image-2020-05-30-at-1.43.28-PM-512x1024.webp\" class=\"attachment-large size-large wp-image-1040\" alt=\"\" srcset=\"https:\/\/procomexpachuca.com\/wp-content\/uploads\/2024\/12\/WhatsApp-Image-2020-05-30-at-1.43.28-PM-512x1024.webp 512w, https:\/\/procomexpachuca.com\/wp-content\/uploads\/2024\/12\/WhatsApp-Image-2020-05-30-at-1.43.28-PM-150x300.webp 150w, https:\/\/procomexpachuca.com\/wp-content\/uploads\/2024\/12\/WhatsApp-Image-2020-05-30-at-1.43.28-PM-38x75.webp 38w, https:\/\/procomexpachuca.com\/wp-content\/uploads\/2024\/12\/WhatsApp-Image-2020-05-30-at-1.43.28-PM-480x960.webp 480w, https:\/\/procomexpachuca.com\/wp-content\/uploads\/2024\/12\/WhatsApp-Image-2020-05-30-at-1.43.28-PM.webp 520w\" sizes=\"(max-width:767px) 480px, 512px\" \/>\t\t\t\t\t\t\t\t\t\t\t\t\t\t\t<\/div>\n\t\t\t\t<\/div>\n\t\t\t\t\t<\/div>\n\t\t\t\t<\/div>\n\t\t<div class=\"elementor-element elementor-element-3a1de36 e-flex e-con-boxed e-con e-parent\" data-id=\"3a1de36\" data-element_type=\"container\" data-e-type=\"container\">\n\t\t\t\t\t<div class=\"e-con-inner\">\n\t\t\t\t<div class=\"elementor-element elementor-element-0a1c816 elementor-widget elementor-widget-image\" data-id=\"0a1c816\" data-element_type=\"widget\" data-e-type=\"widget\" data-widget_type=\"image.default\">\n\t\t\t\t<div class=\"elementor-widget-container\">\n\t\t\t\t\t\t\t\t\t\t\t\t\t\t\t<img loading=\"lazy\" decoding=\"async\" width=\"768\" height=\"1024\" src=\"https:\/\/procomexpachuca.com\/wp-content\/uploads\/2024\/12\/WhatsApp-Image-2020-05-30-at-1.42.44-PM-2-768x1024.webp\" class=\"attachment-medium_large size-medium_large wp-image-1016\" alt=\"\" srcset=\"https:\/\/procomexpachuca.com\/wp-content\/uploads\/2024\/12\/WhatsApp-Image-2020-05-30-at-1.42.44-PM-2-768x1024.webp 768w, https:\/\/procomexpachuca.com\/wp-content\/uploads\/2024\/12\/WhatsApp-Image-2020-05-30-at-1.42.44-PM-2-225x300.webp 225w, https:\/\/procomexpachuca.com\/wp-content\/uploads\/2024\/12\/WhatsApp-Image-2020-05-30-at-1.42.44-PM-2-56x75.webp 56w, https:\/\/procomexpachuca.com\/wp-content\/uploads\/2024\/12\/WhatsApp-Image-2020-05-30-at-1.42.44-PM-2-480x640.webp 480w, https:\/\/procomexpachuca.com\/wp-content\/uploads\/2024\/12\/WhatsApp-Image-2020-05-30-at-1.42.44-PM-2.webp 960w\" sizes=\"(max-width:767px) 480px, (max-width:768px) 100vw, 768px\" \/>\t\t\t\t\t\t\t\t\t\t\t\t\t\t\t<\/div>\n\t\t\t\t<\/div>\n\t\t\t\t\t<\/div>\n\t\t\t\t<\/div>\n\t\t<div class=\"elementor-element elementor-element-696ab10 e-flex e-con-boxed e-con e-parent\" data-id=\"696ab10\" data-element_type=\"container\" data-e-type=\"container\" data-settings=\"{&quot;background_background&quot;:&quot;classic&quot;}\">\n\t\t\t\t\t<div class=\"e-con-inner\">\n\t\t\t\t\t<\/div>\n\t\t\t\t<\/div>\n\t\t\t\t<\/div>\n\t\t","protected":false},"excerpt":{"rendered":"<p>D\u00eda del Pintor Debido a la contingencia sanitaria que enfrentamos actualmente. En Comex no pudimos festejar a los pintores en su d\u00eda como se hace tradicionalmente<span class=\"excerpt-hellip\"> [\u2026]<\/span><\/p>\n","protected":false},"author":1,"featured_media":0,"parent":0,"menu_order":0,"comment_status":"closed","ping_status":"closed","template":"","meta":{"_monsterinsights_skip_tracking":false,"_monsterinsights_sitenote_active":false,"_monsterinsights_sitenote_note":"","_monsterinsights_sitenote_category":0,"footnotes":""},"class_list":["post-1196","page","type-page","status-publish","hentry"],"_links":{"self":[{"href":"https:\/\/procomexpachuca.com\/index.php?rest_route=\/wp\/v2\/pages\/1196","targetHints":{"allow":["GET"]}}],"collection":[{"href":"https:\/\/procomexpachuca.com\/index.php?rest_route=\/wp\/v2\/pages"}],"about":[{"href":"https:\/\/procomexpachuca.com\/index.php?rest_route=\/wp\/v2\/types\/page"}],"author":[{"embeddable":true,"href":"https:\/\/procomexpachuca.com\/index.php?rest_route=\/wp\/v2\/users\/1"}],"replies":[{"embeddable":true,"href":"https:\/\/procomexpachuca.com\/index.php?rest_route=%2Fwp%2Fv2%2Fcomments&post=1196"}],"version-history":[{"count":7,"href":"https:\/\/procomexpachuca.com\/index.php?rest_route=\/wp\/v2\/pages\/1196\/revisions"}],"predecessor-version":[{"id":1958,"href":"https:\/\/procomexpachuca.com\/index.php?rest_route=\/wp\/v2\/pages\/1196\/revisions\/1958"}],"wp:attachment":[{"href":"https:\/\/procomexpachuca.com\/index.php?rest_route=%2Fwp%2Fv2%2Fmedia&parent=1196"}],"curies":[{"name":"wp","href":"https:\/\/api.w.org\/{rel}","templated":true}]}}