{"id":1177,"date":"2024-12-30T04:37:01","date_gmt":"2024-12-30T04:37:01","guid":{"rendered":"https:\/\/procomexpachuca.com\/?page_id=1177"},"modified":"2025-04-30T22:04:19","modified_gmt":"2025-04-30T22:04:19","slug":"comex-pizarron","status":"publish","type":"page","link":"https:\/\/procomexpachuca.com\/?page_id=1177","title":{"rendered":"BLOG COMEX PIZARRON"},"content":{"rendered":"\t\t<div data-elementor-type=\"wp-page\" data-elementor-id=\"1177\" class=\"elementor elementor-1177\" data-elementor-post-type=\"page\">\n\t\t\t\t<div class=\"elementor-element elementor-element-a2018df e-flex e-con-boxed e-con e-parent\" data-id=\"a2018df\" data-element_type=\"container\" data-e-type=\"container\" data-settings=\"{&quot;background_background&quot;:&quot;classic&quot;}\">\n\t\t\t\t\t<div class=\"e-con-inner\">\n\t\t\t\t<div class=\"elementor-element elementor-element-203a1f1 elementor-widget elementor-widget-text-editor\" data-id=\"203a1f1\" data-element_type=\"widget\" data-e-type=\"widget\" data-widget_type=\"text-editor.default\">\n\t\t\t\t<div class=\"elementor-widget-container\">\n\t\t\t\t\t\t\t\t\t<p>Comex Pizarr\u00f3n<\/p>\t\t\t\t\t\t\t\t<\/div>\n\t\t\t\t<\/div>\n\t\t\t\t\t<\/div>\n\t\t\t\t<\/div>\n\t\t<div class=\"elementor-element elementor-element-fe22806 e-flex e-con-boxed e-con e-parent\" data-id=\"fe22806\" data-element_type=\"container\" data-e-type=\"container\">\n\t\t\t\t\t<div class=\"e-con-inner\">\n\t\t\t\t<div class=\"elementor-element elementor-element-09c5c61 elementor-widget elementor-widget-image\" data-id=\"09c5c61\" data-element_type=\"widget\" data-e-type=\"widget\" data-widget_type=\"image.default\">\n\t\t\t\t<div class=\"elementor-widget-container\">\n\t\t\t\t\t\t\t\t\t\t\t\t\t\t\t<img fetchpriority=\"high\" decoding=\"async\" width=\"768\" height=\"500\" src=\"https:\/\/procomexpachuca.com\/wp-content\/uploads\/2024\/12\/PizarronSlidrH_Mov1-2.webp\" class=\"attachment-large size-large wp-image-991\" alt=\"\" srcset=\"https:\/\/procomexpachuca.com\/wp-content\/uploads\/2024\/12\/PizarronSlidrH_Mov1-2.webp 768w, https:\/\/procomexpachuca.com\/wp-content\/uploads\/2024\/12\/PizarronSlidrH_Mov1-2-300x195.webp 300w, https:\/\/procomexpachuca.com\/wp-content\/uploads\/2024\/12\/PizarronSlidrH_Mov1-2-115x75.webp 115w, https:\/\/procomexpachuca.com\/wp-content\/uploads\/2024\/12\/PizarronSlidrH_Mov1-2-480x313.webp 480w\" sizes=\"(max-width:767px) 480px, (max-width:768px) 100vw, 768px\" \/>\t\t\t\t\t\t\t\t\t\t\t\t\t\t\t<\/div>\n\t\t\t\t<\/div>\n\t\t\t\t\t<\/div>\n\t\t\t\t<\/div>\n\t\t<div class=\"elementor-element elementor-element-9f8ec05 e-flex e-con-boxed e-con e-parent\" data-id=\"9f8ec05\" data-element_type=\"container\" data-e-type=\"container\">\n\t\t\t\t\t<div class=\"e-con-inner\">\n\t\t\t\t<div class=\"elementor-element elementor-element-9476f1f elementor-widget elementor-widget-text-editor\" data-id=\"9476f1f\" data-element_type=\"widget\" data-e-type=\"widget\" data-widget_type=\"text-editor.default\">\n\t\t\t\t<div class=\"elementor-widget-container\">\n\t\t\t\t\t\t\t\t\t<p>Todos tenemos la necesidad de crear y de expresar nuestras emociones y pensamientos, que mejor que brindarles a los m\u00e1s peque\u00f1os de la casa esta oportunidad. Hoy en d\u00eda COMEX ha creado una pintura con la tecnolog\u00eda que le permitir\u00e1 a los m\u00e1s peque\u00f1os o grandes realizar esto, estamos hablando de COMEX PIZARR\u00d3N.<\/p><p>COMEX PIZARR\u00d3N es ideal para escribir y dibujar con gises comprimidos, proporcionando una superficie tersa, f\u00e1cil de borrar, limpiar y lavar para que ese espacio lo acondicionan como ellos prefieran dejando volar la imaginaci\u00f3n y plasmando esas ideas en su entorno.<br \/>COMEX PIZARR\u00d3N es de f\u00e1cil aplicaci\u00f3n con rodillo, est\u00e1 disponible en doce colores, es un esmalte base agua de bajo olor y requiere de reintentado dejando un acabado mate. COMEX recomienda evitar el rayado con plum\u00f3n, pluma o l\u00e1piz y no aplicarla en lugares<br \/>donde la superficie tenga alta carga de humedad.<\/p><p>Ac\u00e9rcate a tu COMEX m\u00e1s cercana para adquirir COMEX PIZARR\u00d3N.<\/p>\t\t\t\t\t\t\t\t<\/div>\n\t\t\t\t<\/div>\n\t\t\t\t\t<\/div>\n\t\t\t\t<\/div>\n\t\t<div class=\"elementor-element elementor-element-0a00bb6 e-flex e-con-boxed e-con e-parent\" data-id=\"0a00bb6\" data-element_type=\"container\" data-e-type=\"container\">\n\t\t\t\t\t<div class=\"e-con-inner\">\n\t\t\t\t<div class=\"elementor-element elementor-element-1966282 elementor-widget elementor-widget-video\" data-id=\"1966282\" data-element_type=\"widget\" data-e-type=\"widget\" data-settings=\"{&quot;youtube_url&quot;:&quot;https:\\\/\\\/www.youtube.com\\\/watch?v=NzAoQATY89M&amp;t=4s&quot;,&quot;video_type&quot;:&quot;youtube&quot;,&quot;controls&quot;:&quot;yes&quot;}\" data-widget_type=\"video.default\">\n\t\t\t\t<div class=\"elementor-widget-container\">\n\t\t\t\t\t\t\t<div class=\"elementor-wrapper elementor-open-inline\">\n\t\t\t<div class=\"elementor-video\"><\/div>\t\t<\/div>\n\t\t\t\t\t\t<\/div>\n\t\t\t\t<\/div>\n\t\t\t\t\t<\/div>\n\t\t\t\t<\/div>\n\t\t<div class=\"elementor-element elementor-element-0b94342 e-flex e-con-boxed e-con e-parent\" data-id=\"0b94342\" data-element_type=\"container\" data-e-type=\"container\" data-settings=\"{&quot;background_background&quot;:&quot;classic&quot;}\">\n\t\t\t\t\t<div class=\"e-con-inner\">\n\t\t\t\t\t<\/div>\n\t\t\t\t<\/div>\n\t\t\t\t<\/div>\n\t\t","protected":false},"excerpt":{"rendered":"<p>Comex Pizarr\u00f3n Todos tenemos la necesidad de crear y de expresar nuestras emociones y pensamientos, que mejor que brindarles a los m\u00e1s peque\u00f1os de la casa<span class=\"excerpt-hellip\"> [\u2026]<\/span><\/p>\n","protected":false},"author":1,"featured_media":0,"parent":0,"menu_order":0,"comment_status":"closed","ping_status":"closed","template":"","meta":{"_monsterinsights_skip_tracking":false,"_monsterinsights_sitenote_active":false,"_monsterinsights_sitenote_note":"","_monsterinsights_sitenote_category":0,"footnotes":""},"class_list":["post-1177","page","type-page","status-publish","hentry"],"_links":{"self":[{"href":"https:\/\/procomexpachuca.com\/index.php?rest_route=\/wp\/v2\/pages\/1177","targetHints":{"allow":["GET"]}}],"collection":[{"href":"https:\/\/procomexpachuca.com\/index.php?rest_route=\/wp\/v2\/pages"}],"about":[{"href":"https:\/\/procomexpachuca.com\/index.php?rest_route=\/wp\/v2\/types\/page"}],"author":[{"embeddable":true,"href":"https:\/\/procomexpachuca.com\/index.php?rest_route=\/wp\/v2\/users\/1"}],"replies":[{"embeddable":true,"href":"https:\/\/procomexpachuca.com\/index.php?rest_route=%2Fwp%2Fv2%2Fcomments&post=1177"}],"version-history":[{"count":11,"href":"https:\/\/procomexpachuca.com\/index.php?rest_route=\/wp\/v2\/pages\/1177\/revisions"}],"predecessor-version":[{"id":1932,"href":"https:\/\/procomexpachuca.com\/index.php?rest_route=\/wp\/v2\/pages\/1177\/revisions\/1932"}],"wp:attachment":[{"href":"https:\/\/procomexpachuca.com\/index.php?rest_route=%2Fwp%2Fv2%2Fmedia&parent=1177"}],"curies":[{"name":"wp","href":"https:\/\/api.w.org\/{rel}","templated":true}]}}