{"id":1172,"date":"2024-12-30T04:35:31","date_gmt":"2024-12-30T04:35:31","guid":{"rendered":"https:\/\/procomexpachuca.com\/?page_id=1172"},"modified":"2025-05-07T15:45:38","modified_gmt":"2025-05-07T15:45:38","slug":"blog-realizar-plantillas","status":"publish","type":"page","link":"https:\/\/procomexpachuca.com\/?page_id=1172","title":{"rendered":"BLOG REALIZAR PLANTILLAS"},"content":{"rendered":"\t\t<div data-elementor-type=\"wp-page\" data-elementor-id=\"1172\" class=\"elementor elementor-1172\" data-elementor-post-type=\"page\">\n\t\t\t\t<div class=\"elementor-element elementor-element-ee638c5 e-flex e-con-boxed e-con e-parent\" data-id=\"ee638c5\" data-element_type=\"container\" data-e-type=\"container\" data-settings=\"{&quot;background_background&quot;:&quot;classic&quot;}\">\n\t\t\t\t\t<div class=\"e-con-inner\">\n\t\t\t\t<div class=\"elementor-element elementor-element-b520b51 elementor-widget elementor-widget-text-editor\" data-id=\"b520b51\" data-element_type=\"widget\" data-e-type=\"widget\" data-widget_type=\"text-editor.default\">\n\t\t\t\t<div class=\"elementor-widget-container\">\n\t\t\t\t\t\t\t\t\t<p>\u00bfC\u00f3mo realizar plantillas para decorar paredes?<\/p>\t\t\t\t\t\t\t\t<\/div>\n\t\t\t\t<\/div>\n\t\t\t\t\t<\/div>\n\t\t\t\t<\/div>\n\t\t<div class=\"elementor-element elementor-element-ea0b999 e-flex e-con-boxed e-con e-parent\" data-id=\"ea0b999\" data-element_type=\"container\" data-e-type=\"container\">\n\t\t\t\t\t<div class=\"e-con-inner\">\n\t\t\t\t<div class=\"elementor-element elementor-element-36696e4 elementor-widget elementor-widget-image\" data-id=\"36696e4\" data-element_type=\"widget\" data-e-type=\"widget\" data-widget_type=\"image.default\">\n\t\t\t\t<div class=\"elementor-widget-container\">\n\t\t\t\t\t\t\t\t\t\t\t\t\t\t\t<img fetchpriority=\"high\" decoding=\"async\" width=\"1024\" height=\"576\" src=\"https:\/\/procomexpachuca.com\/wp-content\/uploads\/2024\/12\/estencil-1-1024x576.webp\" class=\"attachment-large size-large wp-image-989\" alt=\"\" srcset=\"https:\/\/procomexpachuca.com\/wp-content\/uploads\/2024\/12\/estencil-1-1024x576.webp 1024w, https:\/\/procomexpachuca.com\/wp-content\/uploads\/2024\/12\/estencil-1-300x169.webp 300w, https:\/\/procomexpachuca.com\/wp-content\/uploads\/2024\/12\/estencil-1-768x432.webp 768w, https:\/\/procomexpachuca.com\/wp-content\/uploads\/2024\/12\/estencil-1-133x75.webp 133w, https:\/\/procomexpachuca.com\/wp-content\/uploads\/2024\/12\/estencil-1-480x270.webp 480w, https:\/\/procomexpachuca.com\/wp-content\/uploads\/2024\/12\/estencil-1.webp 1280w\" sizes=\"(max-width:767px) 480px, (max-width:1024px) 100vw, 1024px\" \/>\t\t\t\t\t\t\t\t\t\t\t\t\t\t\t<\/div>\n\t\t\t\t<\/div>\n\t\t\t\t\t<\/div>\n\t\t\t\t<\/div>\n\t\t<div class=\"elementor-element elementor-element-1c5b72a e-flex e-con-boxed e-con e-parent\" data-id=\"1c5b72a\" data-element_type=\"container\" data-e-type=\"container\">\n\t\t\t\t\t<div class=\"e-con-inner\">\n\t\t\t\t<div class=\"elementor-element elementor-element-9829f4f elementor-widget elementor-widget-text-editor\" data-id=\"9829f4f\" data-element_type=\"widget\" data-e-type=\"widget\" data-widget_type=\"text-editor.default\">\n\t\t\t\t<div class=\"elementor-widget-container\">\n\t\t\t\t\t\t\t\t\t<p>Personaliza tus espacios con el dise\u00f1o que m\u00e1s te guste, como una profesional de una forma f\u00e1cil, divertida y sobre todo econ\u00f3mica.<\/p><p>Sigue estos sencillos pasos y dale una nueva personalidad a tus espacios.<\/p><p><strong><u>MATERIAL A UTILIZAR<\/u><\/strong><\/p><p>1.- Pintura acr\u00edlica con acabado mate<\/p><p>3.- Rodillo de 9\u201d de Nylon<\/p><p>4.- Esponja o mini rodillo de 4\u201d de Nylon<\/p><p>5.- Cinta azul\u00a0<strong>COMEX<\/strong><\/p><p>6.- Charola<\/p><p>7.- Un trapo<\/p><p>8.- Pedazo de cart\u00f3n, acetatos o una radiograf\u00eda vieja (que ya no ocupes).<\/p><p>9.- Tijeras o cutter con mucho filo.<\/p>\t\t\t\t\t\t\t\t<\/div>\n\t\t\t\t<\/div>\n\t\t\t\t\t<\/div>\n\t\t\t\t<\/div>\n\t\t<div class=\"elementor-element elementor-element-473e7b4 e-grid e-con-boxed e-con e-parent\" data-id=\"473e7b4\" data-element_type=\"container\" data-e-type=\"container\">\n\t\t\t\t\t<div class=\"e-con-inner\">\n\t\t\t\t<div class=\"elementor-element elementor-element-8a6a573 elementor-widget elementor-widget-image\" data-id=\"8a6a573\" data-element_type=\"widget\" data-e-type=\"widget\" data-widget_type=\"image.default\">\n\t\t\t\t<div class=\"elementor-widget-container\">\n\t\t\t\t\t\t\t\t\t\t\t\t\t\t\t<img decoding=\"async\" width=\"512\" height=\"512\" src=\"https:\/\/procomexpachuca.com\/wp-content\/uploads\/2024\/12\/real-flex-1-2.webp\" class=\"attachment-large size-large wp-image-988\" alt=\"\" srcset=\"https:\/\/procomexpachuca.com\/wp-content\/uploads\/2024\/12\/real-flex-1-2.webp 512w, https:\/\/procomexpachuca.com\/wp-content\/uploads\/2024\/12\/real-flex-1-2-300x300.webp 300w, https:\/\/procomexpachuca.com\/wp-content\/uploads\/2024\/12\/real-flex-1-2-150x150.webp 150w, https:\/\/procomexpachuca.com\/wp-content\/uploads\/2024\/12\/real-flex-1-2-75x75.webp 75w, https:\/\/procomexpachuca.com\/wp-content\/uploads\/2024\/12\/real-flex-1-2-480x480.webp 480w\" sizes=\"(max-width:767px) 480px, 512px\" \/>\t\t\t\t\t\t\t\t\t\t\t\t\t\t\t<\/div>\n\t\t\t\t<\/div>\n\t\t\t\t<div class=\"elementor-element elementor-element-0428830 elementor-widget elementor-widget-image\" data-id=\"0428830\" data-element_type=\"widget\" data-e-type=\"widget\" data-widget_type=\"image.default\">\n\t\t\t\t<div class=\"elementor-widget-container\">\n\t\t\t\t\t\t\t\t\t\t\t\t\t\t\t<img decoding=\"async\" width=\"512\" height=\"512\" src=\"https:\/\/procomexpachuca.com\/wp-content\/uploads\/2024\/12\/pro-1000-plus-1.webp\" class=\"attachment-large size-large wp-image-987\" alt=\"\" srcset=\"https:\/\/procomexpachuca.com\/wp-content\/uploads\/2024\/12\/pro-1000-plus-1.webp 512w, https:\/\/procomexpachuca.com\/wp-content\/uploads\/2024\/12\/pro-1000-plus-1-300x300.webp 300w, https:\/\/procomexpachuca.com\/wp-content\/uploads\/2024\/12\/pro-1000-plus-1-150x150.webp 150w, https:\/\/procomexpachuca.com\/wp-content\/uploads\/2024\/12\/pro-1000-plus-1-75x75.webp 75w, https:\/\/procomexpachuca.com\/wp-content\/uploads\/2024\/12\/pro-1000-plus-1-480x480.webp 480w\" sizes=\"(max-width:767px) 480px, 512px\" \/>\t\t\t\t\t\t\t\t\t\t\t\t\t\t\t<\/div>\n\t\t\t\t<\/div>\n\t\t\t\t<div class=\"elementor-element elementor-element-34c8781 elementor-widget elementor-widget-image\" data-id=\"34c8781\" data-element_type=\"widget\" data-e-type=\"widget\" data-widget_type=\"image.default\">\n\t\t\t\t<div class=\"elementor-widget-container\">\n\t\t\t\t\t\t\t\t\t\t\t\t\t\t\t<img loading=\"lazy\" decoding=\"async\" width=\"512\" height=\"512\" src=\"https:\/\/procomexpachuca.com\/wp-content\/uploads\/2024\/12\/Metal-Rustic-PS-sitio-web-2.webp\" class=\"attachment-large size-large wp-image-986\" alt=\"\" srcset=\"https:\/\/procomexpachuca.com\/wp-content\/uploads\/2024\/12\/Metal-Rustic-PS-sitio-web-2.webp 512w, https:\/\/procomexpachuca.com\/wp-content\/uploads\/2024\/12\/Metal-Rustic-PS-sitio-web-2-300x300.webp 300w, https:\/\/procomexpachuca.com\/wp-content\/uploads\/2024\/12\/Metal-Rustic-PS-sitio-web-2-150x150.webp 150w, https:\/\/procomexpachuca.com\/wp-content\/uploads\/2024\/12\/Metal-Rustic-PS-sitio-web-2-75x75.webp 75w, https:\/\/procomexpachuca.com\/wp-content\/uploads\/2024\/12\/Metal-Rustic-PS-sitio-web-2-480x480.webp 480w\" sizes=\"(max-width:767px) 480px, 512px\" \/>\t\t\t\t\t\t\t\t\t\t\t\t\t\t\t<\/div>\n\t\t\t\t<\/div>\n\t\t\t\t\t<\/div>\n\t\t\t\t<\/div>\n\t\t<div class=\"elementor-element elementor-element-021b97a e-flex e-con-boxed e-con e-parent\" data-id=\"021b97a\" data-element_type=\"container\" data-e-type=\"container\">\n\t\t\t\t\t<div class=\"e-con-inner\">\n\t\t\t\t<div class=\"elementor-element elementor-element-939a13f elementor-widget elementor-widget-text-editor\" data-id=\"939a13f\" data-element_type=\"widget\" data-e-type=\"widget\" data-widget_type=\"text-editor.default\">\n\t\t\t\t<div class=\"elementor-widget-container\">\n\t\t\t\t\t\t\t\t\t<p><strong>PASO 1<\/strong>.- Pinta la pared que desees con la pintura que m\u00e1s te guste. \u00a0Un acabado matte es ideal de fondo para dar un mejor contraste. Recuerda que en\u00a0<strong>COMEX\u00a0<\/strong>tenemos varias l\u00edneas de pinturas al alcance de tu presupuesto elige entre;\u00a0<strong>Vinimex Total, Vinimex cl\u00e1sica, Real Flex y Pro-1000<\/strong>, todas tienen una extensa gama de colores, seguro encuentras el que buscas.<\/p><div class=\"wp-block-spacer\" aria-hidden=\"true\">\u00a0<\/div><p><strong>PASO 2<\/strong>.- Mientras la pared seca, es hora de sacar el dise\u00f1o que quieres hacer. Para la plantilla elige el material que tengas en casa, puede ser cart\u00f3n, acetatos o incluso una radiograf\u00eda que ya no ocupes. Elige en internet el dise\u00f1o que m\u00e1s te guste, impr\u00edmelo, c\u00e1lcalo en el material que vayas a usar y recorta con mucha precauci\u00f3n. \u00a0<\/p><div class=\"wp-block-spacer\" aria-hidden=\"true\">\u00a0<\/div><p><strong>PASO 3.<\/strong>\u2013 \u00a0\u00a0\u00a0\u00a0\u00a0\u00a0 Una vez que la pared base este seca, pega las esquinas de tu plantilla en el espacio que vayas a pintar, aseg\u00farate que la plantilla este bien sujeta para evitar escurrimientos. La cinta azul\u00a0<strong>COMEX<\/strong>\u00a0es una gran opci\u00f3n, debido a que no da\u00f1a la pintura. Elige el color y acabado que eleve tu dise\u00f1o, una pintura con acabado satinado sobre uno mate le dar\u00e1 un gran contraste. El Rodillo de Nylon de 4\u201d podr\u00eda ser un gran aliado para este proyecto. S\u00ed tu plan es elevar a\u00fan m\u00e1s el estilo, puedes usar\u00a0<strong>Esmalte Metal Rustic<\/strong>\u00a0para dar algunos detalles en acabado met\u00e1lico.<\/p><div class=\"wp-block-spacer\" aria-hidden=\"true\">\u00a0<\/div><p><strong>PASO 4<\/strong>.- Deja secar y si es necesario, aplica otra capa de pintura. Espera a que seque completamente\u00a0 y retira la plantilla con mucho cuidado.<\/p><div class=\"wp-block-spacer\" aria-hidden=\"true\">\u00a0<\/div><p><strong>Tip<\/strong>: Si vas a reutilizar la plantilla no olvides limpiar bien el exceso de pintura para no manchar de pintura.<\/p><p>Y \u00a1Listo! Disfruta el nuevo look de tu espacio.<\/p><p>Con\u00a0<strong>COMEX\u00a0<\/strong>llena tus espacios de vida y color.<\/p>\t\t\t\t\t\t\t\t<\/div>\n\t\t\t\t<\/div>\n\t\t\t\t\t<\/div>\n\t\t\t\t<\/div>\n\t\t<div class=\"elementor-element elementor-element-e0263f3 e-flex e-con-boxed e-con e-parent\" data-id=\"e0263f3\" data-element_type=\"container\" data-e-type=\"container\" data-settings=\"{&quot;background_background&quot;:&quot;classic&quot;}\">\n\t\t\t\t\t<div class=\"e-con-inner\">\n\t\t\t\t\t<\/div>\n\t\t\t\t<\/div>\n\t\t\t\t<\/div>\n\t\t","protected":false},"excerpt":{"rendered":"<p>\u00bfC\u00f3mo realizar plantillas para decorar paredes? Personaliza tus espacios con el dise\u00f1o que m\u00e1s te guste, como una profesional de una forma f\u00e1cil, divertida y sobre<span class=\"excerpt-hellip\"> [\u2026]<\/span><\/p>\n","protected":false},"author":1,"featured_media":0,"parent":0,"menu_order":0,"comment_status":"closed","ping_status":"closed","template":"","meta":{"_monsterinsights_skip_tracking":false,"_monsterinsights_sitenote_active":false,"_monsterinsights_sitenote_note":"","_monsterinsights_sitenote_category":0,"footnotes":""},"class_list":["post-1172","page","type-page","status-publish","hentry"],"_links":{"self":[{"href":"https:\/\/procomexpachuca.com\/index.php?rest_route=\/wp\/v2\/pages\/1172","targetHints":{"allow":["GET"]}}],"collection":[{"href":"https:\/\/procomexpachuca.com\/index.php?rest_route=\/wp\/v2\/pages"}],"about":[{"href":"https:\/\/procomexpachuca.com\/index.php?rest_route=\/wp\/v2\/types\/page"}],"author":[{"embeddable":true,"href":"https:\/\/procomexpachuca.com\/index.php?rest_route=\/wp\/v2\/users\/1"}],"replies":[{"embeddable":true,"href":"https:\/\/procomexpachuca.com\/index.php?rest_route=%2Fwp%2Fv2%2Fcomments&post=1172"}],"version-history":[{"count":16,"href":"https:\/\/procomexpachuca.com\/index.php?rest_route=\/wp\/v2\/pages\/1172\/revisions"}],"predecessor-version":[{"id":2016,"href":"https:\/\/procomexpachuca.com\/index.php?rest_route=\/wp\/v2\/pages\/1172\/revisions\/2016"}],"wp:attachment":[{"href":"https:\/\/procomexpachuca.com\/index.php?rest_route=%2Fwp%2Fv2%2Fmedia&parent=1172"}],"curies":[{"name":"wp","href":"https:\/\/api.w.org\/{rel}","templated":true}]}}